 4 - (-6 + 11 + -9 + 8)?
0
What is -2 + 0 - (41 + -48) - (-4 - -3)?
6
Evaluate 9 - (-7 - -17) - 11 - (-1 - 5).
-6
What is 10 - ((-11 - -22) + (-8 - -4))?
3
What is the value of 6 + 3 + 0 + -9 + -3?
-3
Evaluate 3 + (0 - -2) - (-30 - (33 - 63)).
5
Evaluate (-2 - -8 - (-7 - -8) - 5) + 21.
21
Calculate 5 + 0 + -9 + (-3 - (2 - 4)).
-5
Evaluate 17 + -25 - 22 - -9.
-21
What is the value of 1 + 1 - -31 - 45?
-12
What is the value of -18 + 27 + 1 - (-1 - (-12 + -6))?
-7
Evaluate 16 + -55 - (37 + -71).
-5
Evaluate -5 - (-11 + -8 + 4 + (-2 - -12)).
0
What is (-3 - -16) + (-8 - -1) + -3?
3
Evaluate (2 - 10) + (-48 - -51).
-5
What is the value of 8 + 2 + -3 + 13 + -9 + -1?
10
Evaluate (7 - 5) + 0 - (16 - 8).
-6
Evaluate 8 - (-6 + 5 + 11) - (-1 - -13).
-14
What is the value of 28 + -15 + 8 - 7?
14
Calculate -1 - (4 - (-1 - (-5 + 3 + -2))).
-2
What is the value of (0 - -11) + -1 - 10?
0
Evaluate -3 + 4 - (-41 - -44).
-2
Calculate 11 + -15 - -6 - (17 + -14).
-1
Evaluate 14 - (11 + (-3 - -17)).
-11
Evaluate 248 + -259 - (-9 - 1) - -13.
12
-11 - (8 - (24 - -1))
6
3 - ((5 + -6 - -7) + 6 + -6)
-3
What is -13 - -18 - (5 - (-1 - -3))?
2
11 + (-39 - -11 - -43)
26
What is the value of -32 - -60 - (2 - -13)?
13
Evaluate (3 - (-5 - (-4 - 3))) + -2.
-1
What is (6 - 16) + 7 + 4 - (6 - 1)?
-4
What is -5 + (1 - -1) + (-20 - -38) + -16?
-1
Evaluate -4308 + 4325 + -1 + -58 + 2.
-40
What is 8 - (2 + -1) - (510 - 513)?
10
-10 + -10 + 2 + -1 - -9 - -8
-2
What is (-1 - -6) + 8 + 2 + 8 + -25?
-2
Calculate 1 + 32 - (16 + -3 + 5 - 14).
29
Evaluate 0 + -12 - -11 - 8.
-9
-43 + -15 - (10 + -39)
-29
-1 + 3 + 7 + -11 + 9
7
What is -5 - (-3 - (-28 + 15))?
-15
What is the value of -13 + ((9 - -8) + -7 - -12)?
9
What is the value of -7 + -7 + -3 + (8 - 4) + 4?
-9
Evaluate 140 + -141 - (-11 - (-2 + 1)).
9
Evaluate -9 - 13 - (0 - 6 - (-31 + 15)).
-32
Calculate 22 + 18 + -62 - -20.
-2
What is (6 - (-1 - -3)) + (8 - -26 - 10)?
28
Calculate (8 - 0) + -1 + -22 + (-18 - -23).
-10
-8 - (-24 - (11 + -25))
2
What is -31 - (-11 + -6 - -6)?
-20
What is the value of -12 + 29 - 8 - 2?
7
Calculate 15 + (-20 - (8 - 15)) - (-3 - 1).
6
What is the value of -18 + (-4 - -8) - (126 - 138)?
-2
What is the value of -7 + (4 + -9 - -5) + 5?
-2
-2 + -2 + (13 - 2) - (313 - 291)
-15
What is 1 - -4 - ((-49 - -22) + 19)?
13
What is the value of 25 - -24 - 25 - (2 + -10)?
32
Evaluate (-2 - (2 - -32)) + 17.
-19
-21 + 22 + (4 - 0) + 2
7
Evaluate 33 - (-30 - -58) - (-18 - -1).
22
9 + (-12 - 2 - -11) - (-2 + -4)
12
(-12 - -7) + -10 + 4 + -1 + 7
-5
What is the value of 3 - (8 + 16 + -29)?
8
What is -6 + 5 + 7 + -7 - 3?
-4
What is 462 + -478 - (1 + -22)?
5
What is the value of 14 + -4 + (-3 - -3) - (-12 + 8)?
14
What is 7 + 2 - (11 - -15 - 30)?
13
Calculate -14 + 0 + (1 - 11 - (202 + -213)).
-13
What is the value of -13 - -3 - (-30 - -73 - 30)?
-23
What is the value of 22 - ((17 - 25) + 2 + 9)?
19
-35 + 51 + 2 + (-9 - -2)
11
What is the value of 5 - -2 - (14 - 17 - -2)?
8
Calculate 0 + 10 - (1040 - 1021) - (1 - -16).
-26
What is -23 - 25 - -79 - (-1 + 1)?
31
Calculate -13 + 2 + 4 - (-3 + 1 + 8).
-13
What is the value of 11 + 0 + -5 + -1 + (-18 - -11)?
-2
Calculate -5 + (-12 + 7 - 7).
-17
What is the value of 28 - 16 - (17 - 1)?
-4
29 + (-7 - 24) - -25
23
-4 + (0 + 8 + -10 - -2)
-4
Evaluate 7 + -1 + (412 - 394).
24
Evaluate -27 + (16 - (-3 + (-14 - -30))).
-24
What is the value of (0 - -4 - (-45 - -48)) + -1 - -6?
6
Calculate -17 + (17 - (-18 + -17 + 12)).
23
Calculate (-11 - -1) + 8 - 2.
-4
What is -6 + -1 - ((16 - 9) + 3 - 22)?
5
Calculate 1 - -16 - (16 - 0 - (0 - -9)).
10
What is (-12 - -18) + -28 - -4?
-18
What is -1 - (9 + 5 + -6 - 2)?
-7
What is (3 + 1 - (-68 - -62)) + -3 + -6?
1
Evaluate 7 - (6 + 1 + (25 - 6) + -10).
-9
0 + 23 - (504 + -486)
5
(-2 - (15 + -29 + 1)) + 7
18
Calculate -1 + 6 + (-8 - (-12 + 2)).
7
What is (25 - (-7 - -16) - 3) + 4 + 3?
20
What is the value of 16 - (-7 + -9 - -45) - -18?
5
7 + 26 + -38 + 21
16
What is 28 - (-20 - (23 + -55))?
16
Calculate 5 + -8 + 15 + -5 - 13.
-6
Evaluate (9 - 1) + (-125 - -120) + -6.
-3
What is the value of 21 - ((7 - -7) + -3 - -1)?
9
Calculate (14 - (4 - 1)) + 0 - (17 - 12).
6
Calculate -215 + 199 + -1 + -4 - -8.
-13
3 + -1 + 182 + -185
-1
Calculate 366 - 360 - ((2 - 0) + 14).
-10
What is (5 - -4) + -17 + -16 + 16?
-8
12 + (1 - (22 + -8))
-1
Calculate -2 + 0 - -1 - (-155 - -139) - -4.
19
What is 4 - 1 - (-4 - 2 - 20)?
29
Evaluate -11 + (-4 - (-8 - 4)) - (-19 - 0).
16
What is the value of -12 - -8 - -8 - 12?
-8
Calculate 1 + -1 + (-139 - -138).
-1
Evaluate 7 - (-6 - (-9 - 2)) - (4 - 0).
-2
What is (19 - (58 + -29)) + 24?
14
4 - (0 - 20) - 53
-29
What is 6 + -2 + -4 + -5 + -1 + 34?
28
Calculate 14 + (215 - 225 - (-1 + -5 + 1)).
9
Evaluate -4 - 13 - (0 + -8).
-9
Evaluate 1 + 7 - (-62 - -65) - (1 + -7).
11
What is 28 + -1 + 3 + 29 + -52 + 17?
24
What is the value of 14 + (-4 - (23 + -15))?
2
-12 - (-1 + -1 + 4 + -10 + 6)
-10
1 - 10 - (745 + -743)
-11
Calculate 7 + -1 - (1 + 1 - 8).
12
Evaluate 8 + (3 - 10) + 7 + 1 + -1.
8
What is the value of (235 - 232) + 2 + (-18 - 0)?
-13
Evaluate 2 - -13 - (23 - 14).
6
Evaluate -53 - -52 - (1 + -9).
7
(21 + 17 - -10) + -29
19
What is the value of -14 - (15 - 18 - 10)?
-1
What is the value of -2 + 4 - -2 - (8 - 1)?
-3
What is (12 + (-3 - -2) - (193 + -191)) + -10?
-1
Evaluate (-173 - -164) + 18 + (2 - 0).
11
What is the value of 2 - (6 - (-5 - 5 - 1))?
-15
125 + -129 - (0 - (13 - 0))
9
Evaluate 16 + (10 - 5 - (7 + 6)).
8
What is -2 - (-1 + 4) - -5 - (-9 - 8)?
17
Calculate 8 + (-1 + -7 - (11 + -14)).
3
-9 + (-12 + 19 - 10)
-12
Evaluate 27 + -11 + -24 - -26.
18
What is 18 + -1 - (7 - (-5 + -2 + 5))?
8
-2 + (-1 - 4) + 1 - 7
-13
Calculate (10 - (2 - 2 - 7)) + -4.
13
(-3 - 0) + (-4 - (-10 - (10 - 24)))
-11
Calculate (-5 - -4) + -9 - (-27 + 23 - 29).
23
What is the value of -1 + 3 + -6 + 1 + (-2 - 12)?
-17
What is (6 + -8 - 0 - (0 - 3)) + -4?
-3
Evaluate (1 - 13) + 26 + -6.
8
Evaluate (-4 - (-11 + -1)) + 0.
8
What is the value of 15 - (33 - (-13 + -7))?
-38
Calculate (35 - -7) + -56 + 10.
-4
What is the value of (-5 - (5 - (4 - -11)) - 24) + -7?
-26
Evaluate (20 - (35 - (21 - 17))) + (7 - 0).
-4
What is the value of -4 + -40 - (-324 + 315)?
-35
25 + (15 - 27) + 0
13
Calculate 3 + -5 + -4 - -4 - 7.
-9
Evaluate (1 - -1 - 17) + 17.
2
Calculate -4 + 10 + 6 + (-13 - -4).
3
-4 - (-6 - (3 - (15 - 17)))
7
3 - 24 - (-207 - -169)
17
Calculate (31 - (-20 + 17)) + -9.
25
Calculate (15 - 7 - (2 - -2) - 6) + 15.
13
Evaluate (18 - (16 + 1)) + -25.
-24
-7 - (35 - 12 - 20)
-10
What is 9 - ((25 - 14) + -1 + -1)?
0
(-20 - 2) + 30 + -23 + 3 + 6
-6
Evaluate (6 - 8 - 12) + 7 - -4 - -2.
-1
(-12 - (1 + -18)) + 27 - (7 + -1)
26
Evaluate 6 + 0 + 1 + -1 + -15.
-9
0 + (22 + -35 - -1)
-12
-5 + -4 - (-2 + 11 + -9)
-9
What is the value of -256 - -256 - (-2 - (2 - -1))?
5
What is the value of -5 - ((-7 - 5) + 0 + 6)?
1
Calculate -11 + (4 - 1) + (9 - (0 - -4)).
-3
Evaluate -86 + -38 + 81 - -53.
10
Calculate -27 + (-16 - -19) - 1.
-25
What is the value of (2 - -4) + -14 + 20 + 3?
15
What is 8 - (-4 + (9 - (8 - (1 - -1))))?
9
What is the value of 12 + -1 + -5 + 0?
6
What is the value of -16 - ((-23 - -24) + 18 + -5)?
-30
Calculate 1 - (-4 + 10) - (-1 + -8).
4
12 + -29 + 19 + -11
-9
What is -2 + (9 - 14) + 15?
8
Evaluate 16 - (1 - -15) - -15.
15
Evaluate -9 - -7 - (-13 + 9 - 36).
38
Calculate (-2 - (-9 - -9)) + (-1 - 6).
-9
Calculate -2 - (4 + 0 + (21 - (20 - 2))).
-9
Evaluate -9 + -3 + (-6 - -33).
15
What is -45 + -2 - (-324 + 295)?
-18
Evaluate (22 - 13) + 9 - 2.
16
What is (-33 - (-26 + -6)) + -17?
-18
Calculate 2 + (7 - 15 - 4) + (-6 - -2).
-14
What is the value of (-17 - -2) + -60 + 74?
-1
What is the value of 0 + 11 - (-6 + (9 - (-1 + 13)))?
20
2 + 3 - (9 + 4 + -15 - -7)
0
-46 + 25 + 2 - (1 + 8)
-28
Evaluate 16 - (9 - -18) - (-2 - -8).
-17
What is the value of -7 + 10 + -4 + 5 + -8?
-4
3 + (-8 - (-18 + 2)) + 2
13
Evaluate (-69 - -56) + (-4 - -8).
-9
What is the value of -7 + (-125 + 128 - (2 - (0 + 7)))?
1
0 + 28 + -2 + 0 + -46 + 43
23
What is the value of 39 + (-59 - 4) + 12?
-12
Evaluate (18 - 17) + 16 - -8.
25
Calculate -33 + 16 - (14 + -19).
-12
Evaluate -163 + 137 + (6 - 0) - 18.
-38
Evaluate 2 - ((-15 - -15) + 5 - (-1 - -3)).
-1
What is the value of (-2 - -13) + 